e factors of 12610557.
3, 101, 13873
What are the prime factors of 268346?
2, 13, 10321
What are the prime factors of 40104013?
29, 773, 1789
What are the prime factors of 195707?
23, 67, 127
List the prime factors of 54061.
7, 7723
List the prime factors of 418743.
3, 13, 1193
List the prime factors of 989604.
2, 3, 7, 11, 17
What are the prime factors of 3316150?
2, 5, 29, 2287
List the prime factors of 220669.
149, 1481
List the prime factors of 31097468.
2, 7774367
What are the prime factors of 425802?
2, 3, 13, 53, 103
What are the prime factors of 9964?
2, 47, 53
List the prime factors of 13004076.
2, 3, 71, 15263
What are the prime factors of 1111572?
2, 3, 7, 11, 401
What are the prime factors of 12503772?
2, 3, 17, 20431
List the prime factors of 15895265.
5, 1777, 1789
What are the prime factors of 5318143?
31, 171553
What are the prime factors of 10146334?
2, 11, 41927
What are the prime factors of 158654?
2, 23, 3449
List the prime factors of 1508627.
1508627
List the prime factors of 498611.
498611
List the prime factors of 2144058.
2, 3, 7, 71, 719
List the prime factors of 25033311.
3, 223, 12473
List the prime factors of 98449.
13, 7573
List the prime factors of 2478567.
3, 7, 13, 1297
What are the prime factors of 3717482?
2, 1858741
List the prime factors of 28465091.
28465091
List the prime factors of 665628.
2, 3, 55469
What are the prime factors of 919033?
919033
List the prime factors of 933748.
2, 233437
List the prime factors of 160439.
83, 1933
What are the prime factors of 2271626?
2, 7, 211, 769
What are the prime factors of 4272107?
7, 610301
List the prime factors of 31939658.
2, 37, 431617
List the prime factors of 7135487.
31, 37, 6221
List the prime factors of 12585122.
2, 11, 572051
What are the prime factors of 326848?
2, 5107
What are the prime factors of 460467?
3, 7, 7309
List the prime factors of 19387.
19387
What are the prime factors of 4816693?
7, 53, 12983
List the prime factors of 296791.
11, 26981
What are the prime factors of 26378513?
7, 149, 3613
What are the prime factors of 171253?
171253
List the prime factors of 10562111.
7, 1508873
What are the prime factors of 4155239?
11, 377749
List the prime factors of 271013.
271013
What are the prime factors of 103367?
11, 9397
List the prime factors of 2831725.
5, 13, 8713
List the prime factors of 718958.
2, 359479
List the prime factors of 133593.
3, 44531
What are the prime factors of 1833928?
2, 23, 9967
List the prime factors of 1437346.
2, 31, 97, 239
List the prime factors of 717867.
3, 31, 83
What are the prime factors of 190409?
190409
List the prime factors of 1019405.
5, 17, 67, 179
What are the prime factors of 424730?
2, 5, 42473
List the prime factors of 2084198.
2, 1042099
List the prime factors of 616918.
2, 173, 1783
What are the prime factors of 4025047?
13, 269, 1151
What are the prime factors of 4864680?
2, 3, 5, 13513
What are the prime factors of 116036?
2, 29009
What are the prime factors of 228465?
3, 5, 5077
What are the prime factors of 6326797?
137, 46181
What are the prime factors of 3930332?
2, 7, 17, 23, 359
List the prime factors of 3242725.
5, 151, 859
What are the prime factors of 3453256?
2, 431657
What are the prime factors of 443082?
2, 3, 73847
What are the prime factors of 1163561?
7, 113, 1471
List the prime factors of 95625.
3, 5, 17
What are the prime factors of 60638?
2, 30319
What are the prime factors of 7934982?
2, 3, 11, 109, 1103
What are the prime factors of 397474?
2, 7, 11, 29, 89
What are the prime factors of 3517902?
2, 3, 67, 2917
List the prime factors of 2060711.
29, 71059
What are the prime factors of 5531466?
2, 3, 921911
What are the prime factors of 647101?
7, 13, 547
What are the prime factors of 11423772?
2, 3, 317327
What are the prime factors of 375570?
2, 3, 5, 13, 107
List the prime factors of 2660500.
2, 5, 17, 313
What are the prime factors of 722669?
722669
What are the prime factors of 7240574?
2, 11, 449, 733
List the prime factors of 1585049.
73, 21713
List the prime factors of 1482293.
1482293
What are the prime factors of 20879?
20879
List the prime factors of 304408.
2, 13, 2927
What are the prime factors of 279805?
5, 107, 523
What are the prime factors of 4620798?
2, 3, 7, 13, 31
List the prime factors of 3907351.
7, 227, 2459
List the prime factors of 133883.
23, 5821
List the prime factors of 34540.
2, 5, 11, 157
List the prime factors of 89226.
2, 3, 4957
What are the prime factors of 269929?
11, 53, 463
List the prime factors of 380512.
2, 11, 23, 47
List the prime factors of 354432.
2, 3, 13, 71
List the prime factors of 1058657.
1058657
What are the prime factors of 1144894?
2, 23, 24889
List the prime factors of 1068635.
5, 213727
What are the prime factors of 6493243?
419, 15497
List the prime factors of 1031416.
2, 229, 563
What are the prime factors of 461329?
11, 17, 2467
List the prime factors of 213862.
2, 11, 9721
List the prime factors of 76589.
19, 29, 139
What are the prime factors of 17350339?
41, 423179
What are the prime factors of 324584?
2, 13, 3121
What are the prime factors of 7336457?
7336457
List the prime factors of 1488554.
2, 17, 43781
List the prime factors of 185061.
3, 61687
List the prime factors of 473078.
2, 53, 4463
What are the prime factors of 7823703?
3, 23, 71, 1597
What are the prime factors of 5710001?
11, 519091
List the prime factors of 30215182.
2, 577, 26183
List the prime factors of 296596.
2, 74149
What are the prime factors of 1242654?
2, 3, 7, 29587
List the prime factors of 3349628.
2, 23, 1583
List the prime factors of 412193.
412193
What are the prime factors of 178877?
178877
List the prime factors of 1892215.
5, 13, 43, 677
List the prime factors of 3701898.
2, 3, 205661
What are the prime factors of 3657493?
7, 47, 11117
List the prime factors of 173956.
2, 157, 277
What are the prime factors of 1673110?
2, 5, 167311
List the prime factors of 7331678.
2, 3665839
List the prime factors of 843922.
2, 509, 829
What are the prime factors of 488414?
2, 19, 12853
List the prime factors of 191777.
17, 29, 389
What are the prime factors of 8260333?
1187, 6959
What are the prime factors of 332651?
11, 30241
List the prime factors of 123875.
5, 991
List the prime factors of 4706859.
3, 877, 1789
List the prime factors of 546170.
2, 5, 54617
List the prime factors of 2835705.
3, 5, 79, 2393
List the prime factors of 9293902.
2, 4646951
What are the prime factors of 1814625?
3, 5, 1613
List the prime factors of 3307337.
11, 300667
What are the prime factors of 5834923?
59, 98897
What are the prime factors of 2235564?
2, 3, 62099
What are the prime factors of 548464?
2, 7, 59, 83
List the prime factors of 15666790.
2, 5, 487, 3217
List the prime factors of 326380.
2, 5, 16319
What are the prime factors of 3721878?
2, 3, 17, 12163
List the prime factors of 1540999.
17, 90647
What are the prime factors of 2517905?
5, 13, 38737
What are the prime factors of 8311181?
17, 488893
List the prime factors of 2333585.
5, 466717
What are the prime factors of 21149184?
2, 3, 7, 281
What are the prime factors of 1602388?
2, 400597
What are the prime factors of 18959462?
2, 2549, 3719
List the prime factors of 18250253.
7, 2607179
What are the prime factors of 4559951?
11, 257, 1613
What are the prime factors of 872094?
2, 3, 145349
List the prime factors of 26870043.
3, 8956681
List the prime factors of 930583.
930583
What are the prime factors of 29235235?
5, 5847047
What are the prime factors of 6508128?
2, 3, 11, 6163
List the prime factors of 8990663.
11, 67, 1109
List the prime factors of 5819975.
5, 7, 4751
What are the prime factors of 2114728?
2, 7, 11, 3433
What are the prime factors of 38399159?
38399159
List the prime factors of 22306619.
23, 647, 1499
What are the prime factors of 3955500?
2, 3, 5, 293
List the prime factors of 13546474.
2, 6773237
List the prime factors of 7188052.
2, 23, 43, 79
What are the prime factors of 40105?
5, 13, 617
List the prime factors of 6295472.
2, 257, 1531
List the prime factors of 1291326.
2, 3, 373, 577
List the prime factors of 520907.
193, 2699
List the prime factors of 3134329.
11, 83, 3433
List the prime factors of 238057.
101, 2357
List the prime factors of 3170429.
271, 11699
What are the 